 digit of 180309?
8
What is the hundred thousands digit of 1256371?
2
What is the hundred thousands digit of 1288502?
2
What is the ten thousands digit of 2764719?
6
What is the hundreds digit of 5327452?
4
What is the millions digit of 26931297?
6
What is the tens digit of 1740210?
1
What is the tens digit of 15408?
0
What is the units digit of 766796?
6
What is the ten millions digit of 25558111?
2
What is the ten thousands digit of 399956?
9
What is the millions digit of 2016534?
2
What is the tens digit of 2177085?
8
What is the hundreds digit of 341281?
2
What is the hundreds digit of 1979818?
8
What is the units digit of 26785626?
6
What is the tens digit of 507005?
0
What is the ten thousands digit of 9882662?
8
What is the hundred thousands digit of 21304371?
3
What is the thousands digit of 140359?
0
What is the hundred thousands digit of 1614886?
6
What is the tens digit of 1097309?
0
What is the millions digit of 3617835?
3
What is the tens digit of 32006?
0
What is the tens digit of 6815545?
4
What is the hundred thousands digit of 488144?
4
What is the hundreds digit of 2484613?
6
What is the units digit of 2790696?
6
What is the tens digit of 270263?
6
What is the ten thousands digit of 1082943?
8
What is the hundreds digit of 840745?
7
What is the hundreds digit of 463506?
5
What is the hundred thousands digit of 6282489?
2
What is the hundreds digit of 340010?
0
What is the ten millions digit of 24583084?
2
What is the tens digit of 1499943?
4
What is the ten thousands digit of 196869?
9
What is the millions digit of 14533645?
4
What is the millions digit of 1766208?
1
What is the units digit of 4163216?
6
What is the ten thousands digit of 9574454?
7
What is the tens digit of 147185?
8
What is the ten millions digit of 13364413?
1
What is the hundred thousands digit of 224912?
2
What is the units digit of 41428?
8
What is the ten thousands digit of 258659?
5
What is the millions digit of 2496653?
2
What is the ten thousands digit of 132376?
3
What is the ten thousands digit of 1319602?
1
What is the tens digit of 7216955?
5
What is the hundreds digit of 3135199?
1
What is the millions digit of 3898209?
3
What is the thousands digit of 16400363?
0
What is the hundred thousands digit of 18962978?
9
What is the hundred thousands digit of 182399?
1
What is the hundred thousands digit of 821160?
8
What is the hundreds digit of 13420590?
5
What is the thousands digit of 121408?
1
What is the units digit of 359775?
5
What is the hundred thousands digit of 507016?
5
What is the tens digit of 224714?
1
What is the hundreds digit of 54673?
6
What is the hundreds digit of 210690?
6
What is the hundred thousands digit of 214429?
2
What is the millions digit of 1450215?
1
What is the units digit of 1610648?
8
What is the thousands digit of 7585335?
5
What is the units digit of 66867?
7
What is the millions digit of 11320319?
1
What is the units digit of 220875?
5
What is the tens digit of 1379444?
4
What is the tens digit of 2975032?
3
What is the units digit of 1199354?
4
What is the units digit of 1843527?
7
What is the thousands digit of 2099463?
9
What is the thousands digit of 26241039?
1
What is the units digit of 120586?
6
What is the hundred thousands digit of 6099300?
0
What is the tens digit of 4877459?
5
What is the hundred thousands digit of 212963?
2
What is the ten thousands digit of 371495?
7
What is the ten thousands digit of 579626?
7
What is the hundreds digit of 83970?
9
What is the tens digit of 1057800?
0
What is the tens digit of 2522598?
9
What is the tens digit of 269577?
7
What is the units digit of 6337376?
6
What is the units digit of 33398166?
6
What is the thousands digit of 588778?
8
What is the ten thousands digit of 4677432?
7
What is the tens digit of 32747525?
2
What is the thousands digit of 1246487?
6
What is the tens digit of 8351660?
6
What is the ten thousands digit of 1312128?
1
What is the thousands digit of 4681967?
1
What is the units digit of 5422769?
9
What is the hundreds digit of 1320958?
9
What is the hundred thousands digit of 409268?
4
What is the ten thousands digit of 1093944?
9
What is the units digit of 3350?
0
What is the hundreds digit of 128235?
2
What is the hundreds digit of 9563178?
1
What is the thousands digit of 3649500?
9
What is the hundreds digit of 130278?
2
What is the hundreds digit of 2728546?
5
What is the units digit of 74826?
6
What is the millions digit of 2579619?
2
What is the hundreds digit of 15625448?
4
What is the tens digit of 589416?
1
What is the tens digit of 20505472?
7
What is the hundreds digit of 5930569?
5
What is the thousands digit of 590004?
0
What is the thousands digit of 228231?
8
What is the tens digit of 3649393?
9
What is the tens digit of 359332?
3
What is the units digit of 4801895?
5
What is the ten thousands digit of 5694750?
9
What is the tens digit of 119329?
2
What is the units digit of 39092386?
6
What is the hundred thousands digit of 1341679?
3
What is the hundreds digit of 743845?
8
What is the hundred thousands digit of 508994?
5
What is the hundreds digit of 1934757?
7
What is the hundreds digit of 553624?
6
What is the millions digit of 7115868?
7
What is the tens digit of 8794?
9
What is the thousands digit of 1520865?
0
What is the ten thousands digit of 5893503?
9
What is the thousands digit of 2245223?
5
What is the tens digit of 1413903?
0
What is the thousands digit of 78441?
8
What is the ten thousands digit of 5835839?
3
What is the tens digit of 1945781?
8
What is the hundreds digit of 18679?
6
What is the hundred thousands digit of 2938619?
9
What is the tens digit of 350741?
4
What is the hundreds digit of 116333?
3
What is the hundreds digit of 2772315?
3
What is the millions digit of 1869709?
1
What is the tens digit of 9568455?
5
What is the thousands digit of 1280275?
0
What is the hundreds digit of 276325?
3
What is the tens digit of 195018?
1
What is the tens digit of 40024?
2
What is the tens digit of 200500?
0
What is the units digit of 300883?
3
What is the tens digit of 95665?
6
What is the hundreds digit of 4113398?
3
What is the millions digit of 3498779?
3
What is the thousands digit of 1908945?
8
What is the thousands digit of 826569?
6
What is the tens digit of 136733?
3
What is the thousands digit of 15466940?
6
What is the tens digit of 93365?
6
What is the hundreds digit of 40660?
6
What is the tens digit of 197173?
7
What is the millions digit of 1945107?
1
What is the units digit of 1684828?
8
What is the units digit of 66479?
9
What is the thousands digit of 28083059?
3
What is the units digit of 43901?
1
What is the units digit of 304696?
6
What is the hundred thousands digit of 955471?
9
What is the tens digit of 18500552?
5
What is the thousands digit of 3159726?
9
What is the millions digit of 2353915?
2
What is the ten thousands digit of 915478?
1
What is the ten thousands digit of 92282?
9
What is the thousands digit of 300087?
0
What is the thousands digit of 246282?
6
What is the hundred thousands digit of 9292475?
2
What is the hundred thousands digit of 9435547?
4
What is the hundred thousands digit of 13173425?
1
What is the ten thousands digit of 330967?
3
What is the units digit of 25764939?
9
What is the tens digit of 360173?
7
What is the units digit of 376338?
8
What is the tens digit of 366922?
2
What is the hundreds digit of 39478?
4
What is the hundreds digit of 5345427?
4
What is the units digit of 789018?
8
What is the ten millions digit of 17696971?
1
What is the units digit of 3205194?
4
What is the hundreds digit of 259537?
5
What is the tens digit of 2898857?
5
What is the units digit of 1018800?
0
What is the units digit of 2671318?
8
What is the units digit of 41781?
1
What is the hundreds digit of 86082?
0
What is the tens digit of 27647569?
6
What is the thousands digit of 254044?
4
What is the thousands digit of 388545?
8
What is the thousands digit of 6767481?
7
What is the hundred thousands digit of 618095?
6
What is the millions digit of 2215008?
2
What is the hundreds digit of 4536424?
4
What is the hundreds digit of 1358502?
5
What is the ten thousands digit of 266224?
6
What is the ten thousands digit of 571136?
7
What is the thousands digit of 125856?
5
Wha